 13?
375a7
1001121111200 (base 3) to base 12
231a99
Convert 37586 (base 10) to base 2.
1001001011010010
Convert -151911 (base 10) to base 16.
-25167
Convert -10212123201 (base 4) to base 9.
-2237263
What is -153340410 (base 6) in base 15?
-442536
11103313313 (base 4) to base 9
2551558
Convert 2500224 (base 8) to base 11.
430126
2443 (base 9) to base 7
5211
Convert -5337b (base 15) to base 11.
-170418
-3738287 (base 9) to base 8
-7603416
Convert -89aa6 (base 11) to base 3.
-20121220212
Convert 201122121010 (base 3) to base 8.
1363365
What is -135523 (base 11) in base 15?
-42d59
Convert 21316 (base 12) to base 8.
125202
What is -1534415 (base 7) in base 12?
-a196b
111002011000 (base 3) to base 16
3eda5
-29465 (base 14) to base 15
-2051b
-1210431 (base 6) to base 12
-30a17
301123322 (base 4) to base 12
99222
Convert -bc824 (base 13) to base 15.
-6b497
What is 5367352 (base 9) in base 5?
1214112421
What is -42928 (base 10) in base 13?
-16702
42106421 (base 7) to base 8
15422602
What is 7218789 (base 11) in base 8?
60504716
Convert -664c (base 16) to base 6.
-321124
Convert 10011000110000100111 (base 2) to base 5.
130010303
Convert 301270 (base 8) to base 13.
360a5
-420403233 (base 6) to base 3
-111202101200110
What is 3060041 (base 7) in base 6?
11512502
Convert 1100110110011010110 (base 2) to base 8.
1466326
-1001100111010011001 (base 2) to base 7
-2451315
Convert -3f683 (base 16) to base 3.
-111012021002
What is 101212221220200 (base 3) in base 6?
324003030
What is 153510 (base 8) in base 13?
1c115
What is 64416 (base 12) in base 11?
9012a
What is -5264270 (base 8) in base 6?
-50023400
-117d2d9 (base 14) to base 16
-7fc12f
cb307 (base 13) to base 2
1011001101100110101
Convert 1db90a (base 15) to base 12.
5a2b84
Convert 45fbc9 (base 16) to base 10.
4586441
-d2d67 (base 14) to base 2
-1111011111010001111
Convert 22120110211022 (base 3) to base 16.
45855b
What is -151504551 (base 6) in base 7?
-35624023
Convert -43624a (base 15) to base 7.
-36200011
8a9b (base 16) to base 2
1000101010011011
What is 16003101 (base 7) in base 13?
417840
Convert 7283211 (base 10) to base 6.
420034323
2141442421 (base 5) to base 6
243243053
-1100011010101101001101 (base 2) to base 7
-36445065
Convert 330232020 (base 4) to base 9.
418146
Convert -71725 (base 11) to base 8.
-314364
Convert -4f440 (base 16) to base 12.
-137a80
What is 1101100100000111 (base 2) in base 8?
154407
What is -44226425 (base 8) in base 9?
-18811101
2c498 (base 13) to base 4
110210333
8e5dc (base 15) to base 11
28a868
What is -3231220 (base 6) in base 13?
-57903
What is 335014 (base 10) in base 4?
1101302212
b1a9b (base 13) to base 4
1031223222
Convert 26422611 (base 7) to base 3.
11120020211210
Convert -1f313 (base 16) to base 4.
-133030103
-201031210 (base 4) to base 11
-9322a
Convert 1001001110110110111110 (base 2) to base 14.
46dda6
Convert -100010111000010001101001 (base 2) to base 12.
-308b3a1
What is 2ee5c (base 16) in base 11?
12135a
What is -222013332 (base 4) in base 12?
-83a26
What is -12306450 (base 8) in base 15?
-38bcac
What is -1aea3 (base 15) in base 7?
-513423
Convert -4070655 (base 8) to base 5.
-233441202
Convert 10100101000110111100 (base 2) to base 8.
2450674
What is -323013302 (base 4) in base 12?
-b8182
-37678 (base 9) to base 11
-1804a
Convert -3227770 (base 8) to base 11.
-540360
What is 52715457 (base 8) in base 3?
210011101010201
What is d562d (base 15) in base 5?
133121033
What is 14b328 (base 15) in base 4?
3310010201
What is -a8183a (base 16) in base 7?
-162431230
Convert -118754 (base 10) to base 8.
-347742
Convert 10446533 (base 7) to base 11.
567239
Convert -302033331 (base 4) to base 11.
-130700
-135406 (base 13) to base 8
-1623243
What is -17724108 (base 9) in base 10?
-8932526
What is -412755 (base 16) in base 13?
-b66697
Convert 64263006 (base 8) to base 9.
27735545
Convert -170347 (base 9) to base 3.
-12100101121
What is -28f98 (base 16) in base 12?
-81160
What is -9601295 (base 10) in base 12?
-327037b
-4a54 (base 12) to base 13
-3aa5
What is 12001112001210 (base 3) in base 6?
133332250
-94926 (base 13) to base 7
-2162364
-31304 (base 9) to base 13
-9532
Convert -111101000110110110 (base 2) to base 7.
-2061502
53ac (base 14) to base 2
11100001111100
What is -123540345 (base 6) in base 15?
-32d1c2
68763a (base 12) to base 6
55500114
-3d7c3 (base 15) to base 3
-101000221010
-12a741 (base 11) to base 6
-4214531
Convert 670273 (base 8) to base 5.
24203332
Convert -266543 (base 7) to base 13.
-19bc5
Convert -3304410 (base 6) to base 14.
-43c46
Convert 701875 (base 10) to base 11.
43a369
What is -220310330 (base 4) in base 10?
-167228
What is 6cc38 (base 13) in base 15?
3e305
Convert 314704 (base 9) to base 14.
4c311
What is 20609 (base 16) in base 9?
221822
What is -1a51 (base 14) in base 16?
-12a7
What is 22c587 (base 13) in base 5?
202431103
10111000000010101 (base 2) to base 9
153228
Convert 2030100321 (base 4) to base 10.
574521
Convert 49b33a (base 12) to base 14.
233bb0
What is -a11081 (base 13) in base 16?
-392031
-1426060 (base 7) to base 8
-566443
Convert -3040034141 (base 5) to base 16.
-5e3658
Convert 102411203 (base 6) to base 7.
21230124
Convert -27524 (base 15) to base 9.
-211787
Convert -822a93 (base 15) to base 8.
-27460654
Convert -122113120320 (base 4) to base 2.
-11010010111011000111000
-166572 (base 8) to base 12
-2b222
-a9c98 (base 13) to base 11
-1a0069
43125 (base 8) to base 15
5505
Convert -553307 (base 10) to base 9.
-1032885
What is 32532433 (base 6) in base 10?
976485
Convert 1111101101101010011111 (base 2) to base 8.
17555237
What is -35018 (base 11) in base 5?
-3104342
What is -2d46b (base 14) in base 16?
-1bae7
What is 2369895 (base 12) in base 15?
907782
What is 250648 (base 9) in base 15?
2ed08
Convert 77591 (base 12) to base 13.
56c4a
What is -100101010010010011110 (base 2) in base 4?
-10222102132
-11342040 (base 6) to base 7
-3010422
10033032 (base 4) to base 6
212210
Convert -a29340 (base 11) to base 13.
-45b028
What is -101001010011010011 (base 2) in base 6?
-3343111
176376 (base 9) to base 2
11010110001011110
What is -2345406 (base 7) in base 12?
-124020
-4457a (base 12) to base 14
-25086
-101000111101111100 (base 2) to base 15
-34abe
-1242123333 (base 5) to base 16
-2f0ad8
Convert 10797 (base 12) to base 9.
32877
Convert -220212011020 (base 3) to base 11.
-304664
1215320 (base 10) to base 7
13221131
Convert -308dab (base 15) to base 7.
-25422323
Convert 84aa (base 15) to base 7.
144544
Convert -432711 (base 8) to base 7.
-1142164
Convert -aa661 (base 13) to base 15.
-616d3
Convert -19760 (base 11) to base 15.
-8258
What is -10c655 (base 14) in base 7?
-4601435
Convert -148962 (base 11) to base 13.
-81447
What is -10001110011100101 (base 2) in base 14?
-1c817
What is -1591631 (base 15) in base 2?
-111011101100010010011000
What is 8d6eb2 (base 15) in base 14?
c7c4cc
-11112200211200 (base 3) to base 2
-1001001101100111010100
What is -11111101011101000010100 (base 2) in base 6?
-454001512
What is 32454545 (base 6) in base 10?
971777
What is 680817 (base 11) in base 12?
443684
404055 (base 13) to base 7
15461526
33415521 (base 7) to base 3
12110002102220
Convert -8549e (base 16) to base 15.
-abb6a
Convert -1b75467 (base 12) to base 4.
-112122331033
1200011110 (base 3) to base 4
20002131
What is 11408 (base 10) in base 11?
8631
What is 14233277 (base 8) in base 3?
20001212020210
What is -3790b (base 13) in base 7?
-605052
d87bf (base 16) to base 12
369193
Convert 32214 (base 8) to base 7.
54135
Convert 12113031123 (base 4) to base 7.
20114526
What is -2a338 (base 12) in base 9?
-100218
What is 264663 (base 9) in base 8?
472233
19006 (base 10) to base 6
223554
Convert 367507 (base 16) to base 7.
42222652
Convert -130668 (base 9) to base 15.
-18755
Convert -304144430 (base 5) to base 8.
-4567047
1017005 (base 8) to base 13
95a81
Convert -1011011101000100010 (base 2) to base 3.
-201001212010
1343211134 (base 5) to base 3
20120101022211
What is 8d3796 (base 16) in base 4?
203103132112
Convert 11424543 (base 6) to base 2.
1011000001110001111
What is -2110111201200 (base 3) in base 14?
-261102
Convert 1520318 (base 9) to base 8.
3150604
What is 10320111133 (base 4) in base 8?
4702537
What is 1200231201 (base 4) in base 11?
250688
Wh